*2 + 5*f. Determine w(-9).
36
Let k(p) = p**2 - 6*p - 11. Calculate k(6).
-11
Let c(k) = k**3 - 5*k**2 - k + 5. Determine c(4).
-15
Let o(w) = -w - 23. Determine o(-10).
-13
Let a(j) = 8*j + 180. What is a(-24)?
-12
Let x(n) = n**2 + 6*n + 6. What is x(-7)?
13
Let k(t) = 22*t - 253. Calculate k(12).
11
Let i(j) = 2*j**2 + 4*j - 12. Determine i(-5).
18
Let m(s) = s**3 - 5*s**2 + s + 1. Calculate m(3).
-14
Let m(q) = -q**2 + 8*q + 45. What is m(9)?
36
Let y(q) = 2*q**3 + 12*q**2 + 16*q - 5. What is y(-2)?
-5
Let r(t) = -22*t - 1014. Determine r(-46).
-2
Let x(c) = -c**3 + 3*c**2 - 2*c. Give x(3).
-6
Let o(y) = y**3 + 14*y**2 + 2*y + 21. Determine o(-14).
-7
Let n(o) = 2*o**2 - 21*o + 15. Give n(10).
5
Let d(m) = 99*m + 83. What is d(-1)?
-16
Let n(o) = 9*o + 12. Determine n(3).
39
Let n(a) = 2*a**2 - 67*a + 28. Determine n(33).
-5
Let k(w) = 13*w + 59. Calculate k(-5).
-6
Let d(w) = w**3 - 7*w**2 - 20*w + 6. Give d(9).
-12
Let c(z) = -z**2 - 25*z - 40. Calculate c(-23).
6
Let s(n) = 2*n**2 - 7*n + 5. Give s(3).
2
Let z(r) = -34*r + 6. Give z(-1).
40
Let o(w) = -w + 27. What is o(17)?
10
Let o(y) = 4*y - 1. Calculate o(4).
15
Let l(o) = -3*o**2 - 28*o - 55. Give l(-4).
9
Let y(j) = -5*j + 1. Calculate y(1).
-4
Let b(i) = i - 9. Calculate b(3).
-6
Let l(y) = -2*y**3 - 9*y**2 - 5*y - 10. Determine l(-5).
40
Let v(b) = b**2 + 2*b - 24. Determine v(-5).
-9
Let l(h) = -h**3 - 2*h**2 + 2*h - 3. What is l(-3)?
0
Let r(a) = a**3 + 6*a**2 - 5*a - 5. What is r(-5)?
45
Let o(n) = n - 25. Calculate o(17).
-8
Let f(k) = -2*k**2 + 11*k + 9. Give f(9).
-54
Let g(y) = -17*y + 213. Calculate g(12).
9
Let h(c) = c**2 - 17*c - 22. What is h(20)?
38
Let h(a) = -7*a**2 - 87*a + 10. Give h(-13).
-42
Let n(y) = -y**3 + 6*y**2 + 3*y - 12. What is n(6)?
6
Let c(x) = -x**2 + 9*x + 11. What is c(10)?
1
Let d(c) = -c**2 - 2*c + 3. What is d(-4)?
-5
Let a(p) = -p**2 - p + 30. Give a(7).
-26
Let a(n) = -n**2 + 13*n - 11. Calculate a(13).
-11
Let x(c) = c**2 + 15*c + 6. Determine x(-10).
-44
Let n(v) = 3*v**3 - 2*v + 7. Give n(-3).
-68
Let w(y) = -4*y + 6. Determine w(-1).
10
Let n(g) = -22*g - 295. Calculate n(-14).
13
Let y(k) = -k - 13. Give y(-10).
-3
Let d(v) = v**3 - 6*v**2 - 15*v + 22. Give d(8).
30
Let s(f) = f**2 + 8*f - 3. Calculate s(-5).
-18
Let v(m) = -m**2 - 4*m + 5. Calculate v(-5).
0
Let p(m) = m**2 + 10*m + 6. Calculate p(-10).
6
Let d(z) = -28*z + 27. What is d(3)?
-57
Let o(l) = -7*l + 4. What is o(7)?
-45
Let i(f) = 4*f + 3. Calculate i(-5).
-17
Let x(n) = 2*n - 21. Calculate x(8).
-5
Let d(c) = c**3 - 5*c**2 - 15*c + 14. Give d(7).
7
Let r(z) = -z**2 + 7*z - 8. Calculate r(11).
-52
Let b(g) = 28*g + 109. Give b(-4).
-3
Let x(c) = -c**3 + 4*c**2 + 5*c + 5. What is x(4)?
25
Let o(g) = -4*g**2 - 35*g - 48. Give o(-7).
1
Let v(o) = 2*o**2 - 3*o - 4. Determine v(3).
5
Let j(z) = 36*z + 1. Give j(1).
37
Let w(a) = 3*a - 28. Calculate w(12).
8
Let u(v) = 7*v + 2. Determine u(2).
16
Let l(a) = a**3 - 6*a**2 + 4*a - 6. Calculate l(6).
18
Let o(d) = d**2 + 12*d - 23. Determine o(-10).
-43
Let q(w) = 4*w + 1. What is q(8)?
33
Let r(i) = -5*i - 14. Calculate r(8).
-54
Let l(t) = -42*t**2 + 2*t - 1. Calculate l(1).
-41
Let u(b) = -12*b**3 - b**2 - b - 1. Give u(-1).
11
Let y(v) = 52*v + 211. Determine y(-4).
3
Let v(k) = -2*k**2 - 3*k + 10. Calculate v(6).
-80
Let j(y) = y**3 + 16*y**2 - 9*y + 128. What is j(-17)?
-8
Let v(n) = -n**3 + 17*n**2 - 29*n - 13. Determine v(15).
2
Let z(l) = -l**3 - 10*l**2 - 16*l + 13. Determine z(-8).
13
Let g(j) = -j**2 - 4*j + 16. Give g(-6).
4
Let s(k) = -32*k - 293. What is s(-9)?
-5
Let y(k) = 37*k + 1071. Calculate y(-29).
-2
Let t(q) = -6*q**3 + 3*q**2 - 2*q + 1. What is t(1)?
-4
Let w(i) = -i**3 - 7*i**2 - 3*i + 12. What is w(-5)?
-23
Let m(z) = -z**3 + 3*z**2 - z + 4. Calculate m(2).
6
Let x(w) = w**3 + 62*w**2 + 60*w - 54. What is x(-61)?
7
Let q(u) = 2*u**2 - 98*u + 84. What is q(48)?
-12
Let y(w) = w**2 - 24*w + 63. Give y(20).
-17
Let q(h) = -7*h + 15. Determine q(3).
-6
Let z(p) = p**2 + 14*p - 2. Determine z(-14).
-2
Let q(g) = -g**3 + 6*g**2 - 10. Calculate q(5).
15
Let h(v) = -12*v**3 - 2*v**2 + 1. Give h(1).
-13
Let l(r) = -r**2 + 30*r + 27. What is l(31)?
-4
Let b(y) = 6*y**2 + 11*y + 6. Determine b(0).
6
Let d(i) = -i**3 - 19*i**2 + 39*i - 46. Determine d(-21).
17
Let z(n) = -n**2 + 1. Determine z(-5).
-24
Let y(f) = -28*f - 255. What is y(-9)?
-3
Let m(a) = a**2 - 5*a - 78. Determine m(12).
6
Let d(f) = -2*f - 11. Calculate d(-7).
3
Let a(y) = y**3 + 1. What is a(3)?
28
Let f(i) = 10*i + 5. Calculate f(-4).
-35
Let c(b) = -3*b - 6. Determine c(-4).
6
Let i(k) = k**2 - 11*k + 7. Calculate i(11).
7
Let g(c) = 16*c + 33. Calculate g(-5).
-47
Let u(j) = -2*j - 31. What is u(-9)?
-13
Let s(l) = -l**2 - 10*l + 8. Calculate s(-6).
32
Let z(i) = -i**3 + 19*i**2 - i + 7. Determine z(19).
-12
Let a(u) = -3*u - 23. Calculate a(-9).
4
Let i(a) = a**3 - a**2 + a - 1. What is i(2)?
5
Let o(d) = d - 19. What is o(11)?
-8
Let l(y) = -y**2 - 5*y - 5. Determine l(-4).
-1
Let n(q) = q**3 + 8*q**2 - 55. Calculate n(-7).
-6
Let d(q) = q**2 + 9*q - 7. Calculate d(-10).
3
Let f(t) = t + 19. Calculate f(0).
19
Let i(h) = -9*h + 2. Give i(5).
-43
Let b(m) = -m**3 + 2*m**2 - 3*m + 1. What is b(1)?
-1
Let d(u) = u**3 - 4*u**2 - 9*u - 23. Give d(6).
-5
Let d(p) = -p**3 - 9*p**2 - p - 12. Give d(-9).
-3
Let v(q) = -63*q + 377. Calculate v(6).
-1
Let p(v) = 5*v + 9. What is p(-6)?
-21
Let c(o) = -o**3 - 24*o**2 - 2*o - 37. Determine c(-24).
11
Let c(d) = 2*d**3 + 13*d**2 + 17*d + 22. What is c(-5)?
12
Let n(g) = 34*g - 253. Calculate n(7).
-15
Let l(h) = -3*h - 2. Calculate l(-2).
4
Let l(i) = -3*i**2 - 15*i - 1. Determine l(-6).
-19
Let u(g) = -5*g**3 - g**2 - 2*g - 1. Give u(-1).
5
Let v(l) = 2*l**2 - 19*l + 7. Calculate v(8).
-17
Let d(r) = r + 1. Give d(5).
6
Let a(g) = -6*g + 29. Give a(5).
-1
Let r(a) = -a**3 + 7*a**2 - 4*a + 6. Calculate r(6).
18
Let s(b) = -b**3 - 17*b**2 + b + 17. Determine s(-17).
0
Let w(g) = g**3 - 27*g**2 + 110*g - 7. Determine w(22).
-7
Let k(c) = 5*c**2 + 2*c + 1. Determine k(-1).
4
Let p(v) = -v**3 - 9*v**2 - v - 7. Determine p(-9).
2
Let v(k) = k**2 + 8*k - 2. Give v(-9).
7
Let t(o) = o**3 - 10*o**2 + 6*o - 12. Give t(10).
48
Let t(o) = 12*o + 56. Calculate t(-7).
-28
Let a(d) = -6*d**2 - 80*d + 6. Give a(-13).
32
Let m(y) = 3*y - 1. What is m(-4)?
-13
Let c(z) = -21*z**2 - z + 1. Give c(1).
-21
Let d(m) = 17*m + 98. Give d(-5).
13
Let l(h) = h + 6. Calculate l(-8).
-2
Let b(r) = 2*r - 31. Give b(11).
-9
Let l(p) = -2*p**3 + 63*p**2 + 34*p - 76. What is l(32)?
-12
Let j(r) = r + 93. Determine j(11).
104
Let l(g) = -g**2 - 28*g + 18. Calculate l(-26).
70
Let v(m) = 12*m + 3. What is v(-1)?
-9
Let o(c) = c**2 + 16*c + 20. Give o(-15).
5
Let b(z) = 18*z - 11. Give b(2).
25
Let c(a) = 5*a - 87. Calculate c(16).
-7
Let y(x) = x**2 - 5*x - 1. What is y(6)?
5
Let x(h) = 48*h + 28. What is x(-4)?
-164
Let t(v) = -33*v**3 + 5*v + 5. Determine t(-1).
33
Let y(p) = 16*p + 105. Determine y(-7).
-7
Let c(m) = 4*m - 47. Calculate c(10).
-7
Let w(x) = 57*x + 401. Determine w(-7).
2
Let z(n) = n - 6. What is z(7)?
1
Let a(i) = -i**3 + 4*i**2 + 3*i + 8. Determine a(5).
-2
Let c(p) = p**3 - 5*p**2 - 8*p + 18. Calculate c(6).
6
Let z(r) = 2*r**2 + 38*r - 14. What is z(-19)?
-14
Let z(i) = -i**2 + 33*i + 151. Determine z(-4).
3
Let j(w) = 15*w**3 + 5*w**2 + 5*w + 1. Give j(-1).
-14
Let v(q) = -q**3 + 8*q**2 + 15*q - 2. Give v(10).
-52
Let f(r) = r**3 - 2*r**2 + 5*r - 35. Calculate f(3).
-11
Let q(n) = -67*n - 101. Determine q(-2).
33
Let c(u) = -u**2 + 12*u - 1. Give c(11).
10
Let y(m) = -m**2 - 9. Calculate y(-5).
-34
Let r(l) = -l**3 - 10*l**2 - 18*l - 16. Determine r(-8).
0
Let h(r) = r**2 - 8*r + 4. Give h(7).
-3
Let b(v) = -3*v**2 - 24*v + 1. What is b(-8)?
1
Let u(l) = l**3 - l**2 - 2*l. Calculate u(-1).
0
Let o(i) = i**2 - 11*i + 13. What is o(13)?
39
Let b(s) = -s**3 - 12*s**2 - 6*s - 25. Give b(-12).
47
Let q(x) = x**2 - 3*x + 4. Determine q(4).
8
Let f(g) = 8*g + 15. Give f(-2).
-1
Let f(m) = m**3 - 8*m**2 - 6*m + 17. Determine f(9).
44
Let v(y) = -53*y**2 - 319*y - 1. What is v(-6)?
5
Let v(i) = -i**3 + 2*i - 2. Determine v(3).
-23
Let n(s) = 98*s**3 - 2*s - 1. Give n(-1).
-97
Let n(x) = 15*x**2 - 3*x - 2. Calculate n(